{"id":4048,"date":"2017-05-17T20:01:53","date_gmt":"2017-05-17T18:01:53","guid":{"rendered":"https:\/\/pralniacentrum.pl\/wascherei-zentrum-stettin-und-swinemunde\/"},"modified":"2024-02-19T12:07:06","modified_gmt":"2024-02-19T11:07:06","slug":"wascherei-zentrum-stettin-und-swinemunde","status":"publish","type":"page","link":"https:\/\/pralniacentrum.pl\/de\/","title":{"rendered":"Wascherei Zentrum &#8211; Stettin und Swinem\u00fcnde"},"content":{"rendered":"<div class=\"wpb-content-wrapper\"><p>[vc_row full_width=&#8220;stretch_row_content_no_spaces&#8220; gap=&#8220;10&#8243;][vc_column css=&#8220;.vc_custom_1676467520465{background-color: #1673b9 !important;}&#8220;][vc_empty_space][vc_column_text]<\/p>\n<h1 style=\"text-align: center;\"><a href=\"\/swinoujscie\/\"><span style=\"color: #fac500;\"><img loading=\"lazy\" decoding=\"async\" class=\"alignnone size-full wp-image-2775\" src=\"https:\/\/devpralnia.pazim.pl\/wp-content\/uploads\/2023\/02\/Pralnia-Centrum-logo-white.png\" alt=\"\" width=\"241\" height=\"90\" \/><\/span><\/a><\/h1>\n<p>[\/vc_column_text][vc_empty_space height=&#8220;10&#8243;][vc_column_text]<\/p>\n<h1 style=\"text-align: center;\"><span style=\"color: #fac500;\">Swinem\u00fcnde-Filiale<\/span><\/h1>\n<h5 style=\"text-align: center;\"><span style=\"color: #fac500;\">W\u00e4sche f\u00fcr Hotels und Pensionen, Gastronomie und Arbeitskleidung<br \/>\n<\/span><\/h5>\n<p>[\/vc_column_text][vc_row_inner][vc_column_inner width=&#8220;1\/6&#8243;][\/vc_column_inner][vc_column_inner width=&#8220;1\/6&#8243;][\/vc_column_inner][vc_column_inner width=&#8220;1\/6&#8243;]<div class=\"btn-wrap align-center btn-wrap-inline\"><a href=\"\/de\/swinemunde\/\" class=\"btn  btn-default transform-default color-text-white color-hover-second btn-default btn-default align-center   vc_custom_1707994766974\" id=\"like_sc_button_34063294\">+ 48 91 321 68 91<\/a><\/div>[\/vc_column_inner][vc_column_inner width=&#8220;1\/6&#8243;]<div class=\"btn-wrap align-right btn-wrap-inline\"><a href=\"\/de\/swinemunde\/\" class=\"btn  btn-white-filled transform-uppercase color-text-default color-hover-default btn-default btn-default align-right\" id=\"like_sc_button_713220544\">ANGEBOT<\/a><\/div>[\/vc_column_inner][vc_column_inner width=&#8220;1\/6&#8243;][\/vc_column_inner][vc_column_inner width=&#8220;1\/6&#8243;][\/vc_column_inner][\/vc_row_inner][vc_single_image image=&#8220;4137&#8243; img_size=&#8220;full&#8220; alignment=&#8220;center&#8220; onclick=&#8220;custom_link&#8220; css=&#8220;.vc_custom_1708340824635{margin-bottom: 0px !important;}&#8220; link=&#8220;\/de\/swinemunde\/&#8220;][\/vc_column][\/vc_row]<\/p>\n<\/div>","protected":false},"excerpt":{"rendered":"<p>[vc_row full_width=&#8220;stretch_row_content_no_spaces&#8220; gap=&#8220;10&#8243;][vc_column css=&#8220;.vc_custom_1676467520465{background-color: #1673b9 !important;}&#8220;][vc_empty_space][vc_column_text] [\/vc_column_text][vc_empty_space height=&#8220;10&#8243;][vc_column_text] Swinem\u00fcnde-Filiale W\u00e4sche f\u00fcr Hotels und Pensionen, Gastronomie und Arbeitskleidung [\/vc_column_text][vc_row_inner][vc_column_inner width=&#8220;1\/6&#8243;][\/vc_column_inner][vc_column_inner width=&#8220;1\/6&#8243;][\/vc_column_inner][vc_column_inner width=&#8220;1\/6&#8243;][\/vc_column_inner][vc_column_inner width=&#8220;1\/6&#8243;][\/vc_column_inner][vc_column_inner width=&#8220;1\/6&#8243;][\/vc_column_inner][vc_column_inner width=&#8220;1\/6&#8243;][\/vc_column_inner][\/vc_row_inner][vc_single_image image=&#8220;4137&#8243; img_size=&#8220;full&#8220; alignment=&#8220;center&#8220; onclick=&#8220;custom_link&#8220; css=&#8220;.vc_custom_1708340824635{margin-bottom: 0px !important;}&#8220; link=&#8220;\/de\/swinemunde\/&#8220;][\/vc_column][\/vc_row]<\/p>\n","protected":false},"author":1,"featured_media":0,"parent":0,"menu_order":0,"comment_status":"closed","ping_status":"closed","template":"","meta":{"om_disable_all_campaigns":false,"_monsterinsights_skip_tracking":false,"_monsterinsights_sitenote_active":false,"_monsterinsights_sitenote_note":"","_monsterinsights_sitenote_category":0,"footnotes":""},"class_list":["post-4048","page","type-page","status-publish","hentry"],"aioseo_notices":[],"yoast_head":"<!-- This site is optimized with the Yoast SEO plugin v27.3 - https:\/\/yoast.com\/product\/yoast-seo-wordpress\/ -->\n<title>Wascherei Zentrum - Stettin und Swinem\u00fcnde<\/title>\n<meta name=\"description\" content=\"W\u00e4scheservice f\u00fcr Hotels, Gastronomie und Berufsbekleidung! F\u00fcr Privatkunden betreiben wir eine W\u00e4scherei im Zentrum von Stettin.\" \/>\n<meta name=\"robots\" content=\"index, follow, max-snippet:-1, max-image-preview:large, max-video-preview:-1\" \/>\n<link rel=\"canonical\" href=\"https:\/\/pralniacentrum.pl\/de\/\" \/>\n<meta property=\"og:locale\" content=\"de_DE\" \/>\n<meta property=\"og:type\" content=\"article\" \/>\n<meta property=\"og:title\" content=\"Wascherei Zentrum - Stettin und Swinem\u00fcnde\" \/>\n<meta property=\"og:description\" content=\"W\u00e4scheservice f\u00fcr Hotels, Gastronomie und Berufsbekleidung! F\u00fcr Privatkunden betreiben wir eine W\u00e4scherei im Zentrum von Stettin.\" \/>\n<meta property=\"og:url\" content=\"https:\/\/pralniacentrum.pl\/de\/\" \/>\n<meta property=\"og:site_name\" content=\"Pralnia Centrum\" \/>\n<meta property=\"article:modified_time\" content=\"2024-02-19T11:07:06+00:00\" \/>\n<meta property=\"og:image\" content=\"https:\/\/devpralnia.pazim.pl\/wp-content\/uploads\/2023\/02\/Pralnia-Centrum-logo-white.png\" \/>\n<meta name=\"twitter:card\" content=\"summary_large_image\" \/>\n<meta name=\"twitter:label1\" content=\"Gesch\u00e4tzte Lesezeit\" \/>\n\t<meta name=\"twitter:data1\" content=\"1\u00a0Minute\" \/>\n<script type=\"application\/ld+json\" class=\"yoast-schema-graph\">{\"@context\":\"https:\\\/\\\/schema.org\",\"@graph\":[{\"@type\":\"WebPage\",\"@id\":\"https:\\\/\\\/pralniacentrum.pl\\\/de\\\/\",\"url\":\"https:\\\/\\\/pralniacentrum.pl\\\/de\\\/\",\"name\":\"Wascherei Zentrum - Stettin und Swinem\u00fcnde\",\"isPartOf\":{\"@id\":\"https:\\\/\\\/pralniacentrum.pl\\\/de\\\/#website\"},\"primaryImageOfPage\":{\"@id\":\"https:\\\/\\\/pralniacentrum.pl\\\/de\\\/#primaryimage\"},\"image\":{\"@id\":\"https:\\\/\\\/pralniacentrum.pl\\\/de\\\/#primaryimage\"},\"thumbnailUrl\":\"https:\\\/\\\/devpralnia.pazim.pl\\\/wp-content\\\/uploads\\\/2023\\\/02\\\/Pralnia-Centrum-logo-white.png\",\"datePublished\":\"2017-05-17T18:01:53+00:00\",\"dateModified\":\"2024-02-19T11:07:06+00:00\",\"description\":\"W\u00e4scheservice f\u00fcr Hotels, Gastronomie und Berufsbekleidung! F\u00fcr Privatkunden betreiben wir eine W\u00e4scherei im Zentrum von Stettin.\",\"breadcrumb\":{\"@id\":\"https:\\\/\\\/pralniacentrum.pl\\\/de\\\/#breadcrumb\"},\"inLanguage\":\"de\",\"potentialAction\":[{\"@type\":\"ReadAction\",\"target\":[\"https:\\\/\\\/pralniacentrum.pl\\\/de\\\/\"]}]},{\"@type\":\"ImageObject\",\"inLanguage\":\"de\",\"@id\":\"https:\\\/\\\/pralniacentrum.pl\\\/de\\\/#primaryimage\",\"url\":\"https:\\\/\\\/devpralnia.pazim.pl\\\/wp-content\\\/uploads\\\/2023\\\/02\\\/Pralnia-Centrum-logo-white.png\",\"contentUrl\":\"https:\\\/\\\/devpralnia.pazim.pl\\\/wp-content\\\/uploads\\\/2023\\\/02\\\/Pralnia-Centrum-logo-white.png\"},{\"@type\":\"BreadcrumbList\",\"@id\":\"https:\\\/\\\/pralniacentrum.pl\\\/de\\\/#breadcrumb\",\"itemListElement\":[{\"@type\":\"ListItem\",\"position\":1,\"name\":\"Strona g\u0142\u00f3wna\",\"item\":\"https:\\\/\\\/pralniacentrum.pl\\\/de\\\/\"},{\"@type\":\"ListItem\",\"position\":2,\"name\":\"Wascherei Zentrum &#8211; Stettin und Swinem\u00fcnde\"}]},{\"@type\":\"WebSite\",\"@id\":\"https:\\\/\\\/pralniacentrum.pl\\\/de\\\/#website\",\"url\":\"https:\\\/\\\/pralniacentrum.pl\\\/de\\\/\",\"name\":\"Pralnia Centrum\",\"description\":\"pranie wodne i chemiczne | Szczecin - \u015awinouj\u015bcie\",\"potentialAction\":[{\"@type\":\"SearchAction\",\"target\":{\"@type\":\"EntryPoint\",\"urlTemplate\":\"https:\\\/\\\/pralniacentrum.pl\\\/de\\\/?s={search_term_string}\"},\"query-input\":{\"@type\":\"PropertyValueSpecification\",\"valueRequired\":true,\"valueName\":\"search_term_string\"}}],\"inLanguage\":\"de\"}]}<\/script>\n<!-- \/ Yoast SEO plugin. -->","yoast_head_json":{"title":"Wascherei Zentrum - Stettin und Swinem\u00fcnde","description":"W\u00e4scheservice f\u00fcr Hotels, Gastronomie und Berufsbekleidung! F\u00fcr Privatkunden betreiben wir eine W\u00e4scherei im Zentrum von Stettin.","robots":{"index":"index","follow":"follow","max-snippet":"max-snippet:-1","max-image-preview":"max-image-preview:large","max-video-preview":"max-video-preview:-1"},"canonical":"https:\/\/pralniacentrum.pl\/de\/","og_locale":"de_DE","og_type":"article","og_title":"Wascherei Zentrum - Stettin und Swinem\u00fcnde","og_description":"W\u00e4scheservice f\u00fcr Hotels, Gastronomie und Berufsbekleidung! F\u00fcr Privatkunden betreiben wir eine W\u00e4scherei im Zentrum von Stettin.","og_url":"https:\/\/pralniacentrum.pl\/de\/","og_site_name":"Pralnia Centrum","article_modified_time":"2024-02-19T11:07:06+00:00","og_image":[{"url":"https:\/\/devpralnia.pazim.pl\/wp-content\/uploads\/2023\/02\/Pralnia-Centrum-logo-white.png","type":"","width":"","height":""}],"twitter_card":"summary_large_image","twitter_misc":{"Gesch\u00e4tzte Lesezeit":"1\u00a0Minute"},"schema":{"@context":"https:\/\/schema.org","@graph":[{"@type":"WebPage","@id":"https:\/\/pralniacentrum.pl\/de\/","url":"https:\/\/pralniacentrum.pl\/de\/","name":"Wascherei Zentrum - Stettin und Swinem\u00fcnde","isPartOf":{"@id":"https:\/\/pralniacentrum.pl\/de\/#website"},"primaryImageOfPage":{"@id":"https:\/\/pralniacentrum.pl\/de\/#primaryimage"},"image":{"@id":"https:\/\/pralniacentrum.pl\/de\/#primaryimage"},"thumbnailUrl":"https:\/\/devpralnia.pazim.pl\/wp-content\/uploads\/2023\/02\/Pralnia-Centrum-logo-white.png","datePublished":"2017-05-17T18:01:53+00:00","dateModified":"2024-02-19T11:07:06+00:00","description":"W\u00e4scheservice f\u00fcr Hotels, Gastronomie und Berufsbekleidung! F\u00fcr Privatkunden betreiben wir eine W\u00e4scherei im Zentrum von Stettin.","breadcrumb":{"@id":"https:\/\/pralniacentrum.pl\/de\/#breadcrumb"},"inLanguage":"de","potentialAction":[{"@type":"ReadAction","target":["https:\/\/pralniacentrum.pl\/de\/"]}]},{"@type":"ImageObject","inLanguage":"de","@id":"https:\/\/pralniacentrum.pl\/de\/#primaryimage","url":"https:\/\/devpralnia.pazim.pl\/wp-content\/uploads\/2023\/02\/Pralnia-Centrum-logo-white.png","contentUrl":"https:\/\/devpralnia.pazim.pl\/wp-content\/uploads\/2023\/02\/Pralnia-Centrum-logo-white.png"},{"@type":"BreadcrumbList","@id":"https:\/\/pralniacentrum.pl\/de\/#breadcrumb","itemListElement":[{"@type":"ListItem","position":1,"name":"Strona g\u0142\u00f3wna","item":"https:\/\/pralniacentrum.pl\/de\/"},{"@type":"ListItem","position":2,"name":"Wascherei Zentrum &#8211; Stettin und Swinem\u00fcnde"}]},{"@type":"WebSite","@id":"https:\/\/pralniacentrum.pl\/de\/#website","url":"https:\/\/pralniacentrum.pl\/de\/","name":"Pralnia Centrum","description":"pranie wodne i chemiczne | Szczecin - \u015awinouj\u015bcie","potentialAction":[{"@type":"SearchAction","target":{"@type":"EntryPoint","urlTemplate":"https:\/\/pralniacentrum.pl\/de\/?s={search_term_string}"},"query-input":{"@type":"PropertyValueSpecification","valueRequired":true,"valueName":"search_term_string"}}],"inLanguage":"de"}]}},"_links":{"self":[{"href":"https:\/\/pralniacentrum.pl\/de\/wp-json\/wp\/v2\/pages\/4048","targetHints":{"allow":["GET"]}}],"collection":[{"href":"https:\/\/pralniacentrum.pl\/de\/wp-json\/wp\/v2\/pages"}],"about":[{"href":"https:\/\/pralniacentrum.pl\/de\/wp-json\/wp\/v2\/types\/page"}],"author":[{"embeddable":true,"href":"https:\/\/pralniacentrum.pl\/de\/wp-json\/wp\/v2\/users\/1"}],"replies":[{"embeddable":true,"href":"https:\/\/pralniacentrum.pl\/de\/wp-json\/wp\/v2\/comments?post=4048"}],"version-history":[{"count":10,"href":"https:\/\/pralniacentrum.pl\/de\/wp-json\/wp\/v2\/pages\/4048\/revisions"}],"predecessor-version":[{"id":4139,"href":"https:\/\/pralniacentrum.pl\/de\/wp-json\/wp\/v2\/pages\/4048\/revisions\/4139"}],"wp:attachment":[{"href":"https:\/\/pralniacentrum.pl\/de\/wp-json\/wp\/v2\/media?parent=4048"}],"curies":[{"name":"wp","href":"https:\/\/api.w.org\/{rel}","templated":true}]}}

Wascherei Zentrum &#8211; Stettin und Swinemünde

<div class="wpb-content-wrapper"><p>[vc_row full_width=&#8220;stretch_row_content_no_spaces&#8220; gap=&#8220;10&#8243;][vc_column css=&#8220;.vc_custom_1676467520465{background-color: #1673b9 !important;}&#8220;][vc_empty_space][vc_column_text]</p>
<h1 style="text-align: center;"><a href="/swinoujscie/"><span style="color: #fac500;"><img loading="lazy" decoding="async" class="alignnone size-full wp-image-2775" src="https://devpralnia.pazim.pl/wp-content/uploads/2023/02/Pralnia-Centrum-logo-white.png" alt="" width="241" height="90" /></span></a></h1>
<p>[/vc_column_text][vc_empty_space height=&#8220;10&#8243;][vc_column_text]</p>
<h1 style="text-align: center;"><span style="color: #fac500;">Swinemünde-Filiale</span></h1>
<h5 style="text-align: center;"><span style="color: #fac500;">Wäsche für Hotels und Pensionen, Gastronomie und Arbeitskleidung<br />
</span></h5>
<p>[/vc_column_text][vc_row_inner][vc_column_inner width=&#8220;1/6&#8243;][/vc_column_inner][vc_column_inner width=&#8220;1/6&#8243;][/vc_column_inner][vc_column_inner width=&#8220;1/6&#8243;]<div class="btn-wrap align-center btn-wrap-inline"><a href="/de/swinemunde/" class="btn  btn-default transform-default color-text-white color-hover-second btn-default btn-default align-center   vc_custom_1707994766974" id="like_sc_button_34063294">+ 48 91 321 68 91</a></div>[/vc_column_inner][vc_column_inner width=&#8220;1/6&#8243;]<div class="btn-wrap align-right btn-wrap-inline"><a href="/de/swinemunde/" class="btn  btn-white-filled transform-uppercase color-text-default color-hover-default btn-default btn-default align-right" id="like_sc_button_713220544">ANGEBOT</a></div>[/vc_column_inner][vc_column_inner width=&#8220;1/6&#8243;][/vc_column_inner][vc_column_inner width=&#8220;1/6&#8243;][/vc_column_inner][/vc_row_inner][vc_single_image image=&#8220;4137&#8243; img_size=&#8220;full&#8220; alignment=&#8220;center&#8220; onclick=&#8220;custom_link&#8220; css=&#8220;.vc_custom_1708340824635{margin-bottom: 0px !important;}&#8220; link=&#8220;/de/swinemunde/&#8220;][/vc_column][/vc_row]</p>
</div>

<p>[vc_row full_width=&#8220;stretch_row_content_no_spaces&#8220; gap=&#8220;10&#8243;][vc_column css=&#8220;.vc_custom_1676467520465{background-color: #1673b9 !important;}&#8220;][vc_empty_space][vc_column_text] [/vc_column_text][vc_empty_space height=&#8220;10&#8243;][vc_column_text] Swinemünde-Filiale Wäsche für Hotels und Pensionen, Gastronomie und Arbeitskleidung [/vc_column_text][vc_row_inner][vc_column_inner width=&#8220;1/6&#8243;][/vc_column_inner][vc_column_inner width=&#8220;1/6&#8243;][/vc_column_inner][vc_column_inner width=&#8220;1/6&#8243;][/vc_column_inner][vc_column_inner width=&#8220;1/6&#8243;][/vc_column_inner][vc_column_inner width=&#8220;1/6&#8243;][/vc_column_inner][vc_column_inner width=&#8220;1/6&#8243;][/vc_column_inner][/vc_row_inner][vc_single_image image=&#8220;4137&#8243; img_size=&#8220;full&#8220; alignment=&#8220;center&#8220; onclick=&#8220;custom_link&#8220; css=&#8220;.vc_custom_1708340824635{margin-bottom: 0px !important;}&#8220; link=&#8220;/de/swinemunde/&#8220;][/vc_column][/vc_row]</p>

<!-- This site is optimized with the Yoast SEO plugin v27.3 - https://yoast.com/product/yoast-seo-wordpress/ -->
<title>Wascherei Zentrum - Stettin und Swinemünde</title>
<meta name="description" content="Wäscheservice für Hotels, Gastronomie und Berufsbekleidung! Für Privatkunden betreiben wir eine Wäscherei im Zentrum von Stettin." />
<meta name="robots" content="index, follow, max-snippet:-1, max-image-preview:large, max-video-preview:-1" />
<link rel="canonical" href="https://pralniacentrum.pl/de/" />
<meta property="og:locale" content="de_DE" />
<meta property="og:type" content="article" />
<meta property="og:title" content="Wascherei Zentrum - Stettin und Swinemünde" />
<meta property="og:description" content="Wäscheservice für Hotels, Gastronomie und Berufsbekleidung! Für Privatkunden betreiben wir eine Wäscherei im Zentrum von Stettin." />
<meta property="og:url" content="https://pralniacentrum.pl/de/" />
<meta property="og:site_name" content="Pralnia Centrum" />
<meta property="article:modified_time" content="2024-02-19T11:07:06+00:00" />
<meta property="og:image" content="https://devpralnia.pazim.pl/wp-content/uploads/2023/02/Pralnia-Centrum-logo-white.png" />
<meta name="twitter:card" content="summary_large_image" />
<meta name="twitter:label1" content="Geschätzte Lesezeit" />
	<meta name="twitter:data1" content="1 Minute" />
<script type="application/ld+json" class="yoast-schema-graph">{"@context":"https:\/\/schema.org","@graph":[{"@type":"WebPage","@id":"https:\/\/pralniacentrum.pl\/de\/","url":"https:\/\/pralniacentrum.pl\/de\/","name":"Wascherei Zentrum - Stettin und Swinemünde","isPartOf":{"@id":"https:\/\/pralniacentrum.pl\/de\/#website"},"primaryImageOfPage":{"@id":"https:\/\/pralniacentrum.pl\/de\/#primaryimage"},"image":{"@id":"https:\/\/pralniacentrum.pl\/de\/#primaryimage"},"thumbnailUrl":"https:\/\/devpralnia.pazim.pl\/wp-content\/uploads\/2023\/02\/Pralnia-Centrum-logo-white.png","datePublished":"2017-05-17T18:01:53+00:00","dateModified":"2024-02-19T11:07:06+00:00","description":"Wäscheservice für Hotels, Gastronomie und Berufsbekleidung! Für Privatkunden betreiben wir eine Wäscherei im Zentrum von Stettin.","breadcrumb":{"@id":"https:\/\/pralniacentrum.pl\/de\/#breadcrumb"},"inLanguage":"de","potentialAction":[{"@type":"ReadAction","target":["https:\/\/pralniacentrum.pl\/de\/"]}]},{"@type":"ImageObject","inLanguage":"de","@id":"https:\/\/pralniacentrum.pl\/de\/#primaryimage","url":"https:\/\/devpralnia.pazim.pl\/wp-content\/uploads\/2023\/02\/Pralnia-Centrum-logo-white.png","contentUrl":"https:\/\/devpralnia.pazim.pl\/wp-content\/uploads\/2023\/02\/Pralnia-Centrum-logo-white.png"},{"@type":"BreadcrumbList","@id":"https:\/\/pralniacentrum.pl\/de\/#breadcrumb","itemListElement":[{"@type":"ListItem","position":1,"name":"Strona główna","item":"https:\/\/pralniacentrum.pl\/de\/"},{"@type":"ListItem","position":2,"name":"Wascherei Zentrum &#8211; Stettin und Swinemünde"}]},{"@type":"WebSite","@id":"https:\/\/pralniacentrum.pl\/de\/#website","url":"https:\/\/pralniacentrum.pl\/de\/","name":"Pralnia Centrum","description":"pranie wodne i chemiczne | Szczecin - Świnoujście","potentialAction":[{"@type":"SearchAction","target":{"@type":"EntryPoint","urlTemplate":"https:\/\/pralniacentrum.pl\/de\/?s={search_term_string}"},"query-input":{"@type":"PropertyValueSpecification","valueRequired":true,"valueName":"search_term_string"}}],"inLanguage":"de"}]}</script>
<!-- / Yoast SEO plugin. -->

Wascherei Zentrum - Stettin und Swinemünde

Wäscheservice für Hotels, Gastronomie und Berufsbekleidung! Für Privatkunden betreiben wir eine Wäscherei im Zentrum von Stettin.

Strona główna

pranie wodne i chemiczne | Szczecin - Świnoujście
